0684666?
2, 2485342333
List the prime factors of 571005817.
571005817
List the prime factors of 2472349501.
45181, 54721
List the prime factors of 16693074.
2, 3, 309131
What are the prime factors of 367038220?
2, 5, 61, 300851
What are the prime factors of 17813729?
17813729
What are the prime factors of 42456769?
17, 2497457
What are the prime factors of 197842950?
2, 3, 5, 83, 5297
List the prime factors of 5583098541.
3, 6863, 271169
What are the prime factors of 2376918110?
2, 5, 7, 37, 917729
What are the prime factors of 438433874?
2, 219216937
List the prime factors of 35228511.
3, 3914279
What are the prime factors of 33949932?
2, 3, 23, 123007
What are the prime factors of 37362172?
2, 1361, 6863
List the prime factors of 57323341.
71, 807371
What are the prime factors of 291820223?
6257, 46639
What are the prime factors of 268028826?
2, 3, 13, 3436267
What are the prime factors of 220880850?
2, 3, 5, 1472539
What are the prime factors of 907645793?
17, 59, 904931
What are the prime factors of 40100695?
5, 643, 12473
List the prime factors of 31911375.
3, 5, 43, 1979
What are the prime factors of 45972401?
45972401
List the prime factors of 2410704143.
5381, 448003
What are the prime factors of 56452241?
29, 1946629
List the prime factors of 1677880236.
2, 3, 71, 1969343
What are the prime factors of 64098289?
179, 433, 827
What are the prime factors of 66198477?
3, 41, 538199
List the prime factors of 419250091.
13, 101, 149, 2143
What are the prime factors of 201561528?
2, 3, 7, 199, 6029
What are the prime factors of 242810988?
2, 3, 7, 61, 47387
What are the prime factors of 238615057?
59, 4044323
List the prime factors of 4016390196.
2, 3, 7, 13, 71, 51803
What are the prime factors of 668529280?
2, 5, 53, 19709
List the prime factors of 196216798.
2, 5581, 17579
What are the prime factors of 93876764?
2, 23469191
List the prime factors of 94419000.
2, 3, 5, 13, 269
What are the prime factors of 123010889?
123010889
List the prime factors of 14703119.
43, 109, 3137
What are the prime factors of 3457827775?
5, 138313111
What are the prime factors of 3726773875?
5, 11, 2710381
List the prime factors of 32632367.
17, 19, 31, 3259
List the prime factors of 204867735.
3, 5, 13657849
List the prime factors of 45832050.
2, 3, 5, 11, 47, 197
List the prime factors of 349374978.
2, 3, 491, 13177
List the prime factors of 2063599410.
2, 3, 5, 68786647
What are the prime factors of 1405909254?
2, 3, 234318209
What are the prime factors of 128657951?
2333, 55147
What are the prime factors of 8510306102?
2, 251, 16952801
What are the prime factors of 450169973?
11, 3720413
List the prime factors of 200471060.
2, 5, 10023553
What are the prime factors of 332956080?
2, 3, 5, 41, 11279
List the prime factors of 1758386934.
2, 3, 197, 165293
List the prime factors of 4669254947.
7, 41, 79, 101, 2039
List the prime factors of 66327406.
2, 3109, 10667
List the prime factors of 258188105.
5, 7, 151, 997
What are the prime factors of 980193172?
2, 7, 401, 87299
List the prime factors of 326401490.
2, 5, 397, 82217
What are the prime factors of 52247589?
3, 29, 37, 16231
List the prime factors of 5404557186.
2, 3, 7, 42893311
What are the prime factors of 1678368312?
2, 3, 257, 90703
List the prime factors of 95470954.
2, 3407, 14011
List the prime factors of 56030581.
29, 1932089
List the prime factors of 547291525.
5, 11, 1990151
What are the prime factors of 2288647885?
5, 223, 283, 7253
What are the prime factors of 4476798683?
7, 17, 23, 37, 44207
What are the prime factors of 45158288?
2, 7, 19, 21221
List the prime factors of 404841591.
3, 7, 11, 194729
What are the prime factors of 1052295656?
2, 43, 3058999
List the prime factors of 3086062686.
2, 3, 7, 1489, 5483
List the prime factors of 2050661573.
2050661573
List the prime factors of 50954115.
3, 5, 83, 40927
List the prime factors of 3613628715.
3, 5, 17, 19, 61, 12227
List the prime factors of 401260931.
31, 12943901
What are the prime factors of 1502036745?
3, 5, 11, 9103253
What are the prime factors of 211896807?
3, 89, 793621
List the prime factors of 677772763.
23, 41, 718741
List the prime factors of 18771672.
2, 3, 17, 139, 331
What are the prime factors of 52264179?
3, 11, 527921
What are the prime factors of 252943173?
3, 7, 4014971
List the prime factors of 716869397.
716869397
What are the prime factors of 698697970?
2, 5, 43, 331, 4909
What are the prime factors of 4486629615?
3, 5, 13, 23008357
List the prime factors of 701822250.
2, 3, 5, 271, 1151
List the prime factors of 34707883.
7, 139, 35671
List the prime factors of 833082466.
2, 416541233
List the prime factors of 274001360.
2, 5, 41, 83537
List the prime factors of 31218239.
13, 17, 29, 4871
What are the prime factors of 175821595?
5, 37, 47, 73, 277
What are the prime factors of 2829338703?
3, 314370967
List the prime factors of 500603975.
5, 101, 198259
List the prime factors of 1892572341.
3, 11, 41, 109, 313
What are the prime factors of 205467397?
71, 797, 3631
What are the prime factors of 330459849?
3, 36717761
What are the prime factors of 501276287?
137, 211, 17341
What are the prime factors of 43744127?
7, 6249161
List the prime factors of 3350667378.
2, 3, 3761, 148483
List the prime factors of 602370015.
3, 5, 13, 19, 43, 199
What are the prime factors of 208386491?
71, 397, 7393
What are the prime factors of 1464823459?
11, 12105979
What are the prime factors of 162435725?
5, 43, 53, 2851
List the prime factors of 58781171.
4721, 12451
List the prime factors of 522674456.
2, 107, 373, 1637
What are the prime factors of 364713433?
7, 5813, 8963
List the prime factors of 392658940.
2, 5, 19, 1033313
What are the prime factors of 63614293?
63614293
What are the prime factors of 5533109058?
2, 3, 101, 9130543
List the prime factors of 146064705.
3, 5, 379, 25693
List the prime factors of 5298389301.
3, 61, 79, 379, 967
What are the prime factors of 26227807?
43, 227, 2687
List the prime factors of 208981546.
2, 104490773
List the prime factors of 34506753.
3, 17, 173, 3911
What are the prime factors of 775105015?
5, 3617, 42859
List the prime factors of 263054012.
2, 13, 19, 29, 9181
List the prime factors of 115252836.
2, 3, 47, 181, 1129
What are the prime factors of 1277878131?
3, 2347, 60497
What are the prime factors of 3155512256?
2, 13, 17, 223099
What are the prime factors of 90800335?
5, 19, 955793
What are the prime factors of 203818204?
2, 311, 163841
What are the prime factors of 6226598386?
2, 3113299193
What are the prime factors of 1426562641?
7, 1021, 199603
What are the prime factors of 475249958?
2, 1531, 155209
List the prime factors of 154121134.
2, 77060567
What are the prime factors of 738786398?
2, 7, 53, 995669
List the prime factors of 28300518.
2, 3, 1572251
What are the prime factors of 2934938223?
3, 7, 4691, 9931
What are the prime factors of 2669060644?
2, 19, 59, 107, 5563
List the prime factors of 36782560.
2, 5, 17, 13523
What are the prime factors of 58509525?
3, 5, 780127
What are the prime factors of 1819733029?
61, 233, 128033
List the prime factors of 62401793.
5659, 11027
What are the prime factors of 353706316?
2, 73, 691, 1753
List the prime factors of 17359190.
2, 5, 1735919
List the prime factors of 853666261.
7, 121952323
What are the prime factors of 13883190?
2, 3, 5, 462773
List the prime factors of 3109641941.
7, 547, 812129
What are the prime factors of 3185841?
3, 71, 14957
List the prime factors of 26776109.
353, 75853
List the prime factors of 1888054588.
2, 7, 67430521
List the prime factors of 166589226.
2, 3, 19, 31, 827
List the prime factors of 543495862.
2, 7, 13, 2986241
List the prime factors of 1470942870.
2, 3, 5, 31, 79, 20021
What are the prime factors of 1718889?
3, 572963
What are the prime factors of 245600058?
2, 3, 11, 3721213
What are the prime factors of 95489827?
31, 61, 50497
What are the prime factors of 313689210?
2, 3, 5, 10456307
What are the prime factors of 485713192?
2, 60714149
List the prime factors of 168041162.
2, 43, 1953967
List the prime factors of 188835999.
3, 11, 5722303
What are the prime factors of 2067165474?
2, 3, 11, 2141, 14629
List the prime factors of 189813308.
2, 47453327
List the prime factors of 198